(6 - 2 - (-10 - (-10 - 4))) + 5?
5
-16 + 17 + 25 - (-3 + 3 + -1)
27
Evaluate 10 + (-2 - -3 - (64 - 50)).
-3
What is the value of (-205 - -204) + 1 + -11?
-11
Evaluate (13 - 17) + -6 + 0 + 0.
-10
Evaluate -1 + ((6 - -2) + -6 - -6).
7
(2 - -2) + 11 - (-23 + 28)
10
Evaluate -6 - (12 + -19) - -5.
6
(2 - 1) + -6 + 4 - -6
5
30 - (17 + -8 + 29)
-8
What is the value of -37 + 63 - (6 - -9)?
11
Evaluate -15 - 2 - -1 - (198 - 184).
-30
Calculate -17 + -3 + (3 - -1).
-16
Calculate (-30 - (25 - 55)) + -15.
-15
Evaluate -24 + -2 + -11 + 7.
-30
Calculate -15 - (-19 + (-16 - -25)).
-5
2 + -15 + (3 - (3 + 6 - 11))
-8
What is the value of -7 + 24 + (-1 - 0)?
16
Evaluate (1 - -29) + (1957 - 1977).
10
Evaluate -120 + 136 - (5 - -7).
4
What is (5 - 71) + 39 + 32?
5
-44 + 54 + (7 - (4 - -8))
5
Evaluate 3 + (-10 - -17) + -14.
-4
Evaluate -1 + -3 + 4 + (1 - 9).
-8
What is (-83 - -93 - (6 - 1)) + 8?
13
90 + -61 - (11 - -31)
-13
What is the value of (1 + -31 - (136 + -140)) + (3 - 8)?
-31
-2 + (-49 - -53) - (-23 - -1)
24
Calculate (-2 - (9 + 0 + -11)) + 0 + -7.
-7
What is the value of (-46 - (-1 - 56)) + (18 - 0)?
29
What is -1 + -14 - (-5 - (-5 - -2) - 4)?
-9
(9 - 2) + (-24 - -2 - -23)
8
Calculate -25 + ((-9 + 3 - -2) + -6 - -6).
-29
0 + (0 - 11) - (54 - 46)
-19
What is the value of (-21 - -8) + -6 + 28?
9
What is (-50 - -51) + (-2 - -1 - (4 - 0))?
-4
Calculate -9 + 9 - -5 - (1 - (-3 - -3)).
4
(7 - 3) + -3 + -2 - (-7 - 4)
10
Evaluate -10 + (2 - 6 - -9) + -23 + 23.
-5
Evaluate 0 - (12 + -9 + -10).
7
Evaluate (26 - (9 + 0)) + 1.
18
-10 - (-9 - (3 + 0 + (3 - 19)))
-14
Calculate 12 + (-27 + 41 - (43 + 2)).
-19
What is the value of -1 - (3 + -8 + 1) - (0 + -12)?
15
What is 7 + (7 + -7 - -5 - 0) + -6?
6
-13 - 2 - (2 + -6 + -4)
-7
21 + 2 - (13 + (24 - 31))
17
Evaluate (270 - 284) + -1 + 18.
3
What is the value of (13 - (8 + -1) - -2) + 0?
8
What is the value of 3 + 1 - (-2 + 3 + (-1 - 1))?
5
Calculate (13 - 22) + -3 + 16.
4
Calculate (-19 - -3 - -17) + (6 - 2).
5
What is -46 - -44 - (5 + -5 - -4)?
-6
Calculate 15 + 9 + (-48 - -24).
0
11 + -2 + -13 + 31 + -5
22
-2 + (4 - (-28 - -11 - -16))
3
What is -25 + (17 - (-18 - -24))?
-14
What is (-11 - (-5 + 2)) + -4 + 17?
5
Calculate -1 + (-8 - (3 + -5)) - 5.
-12
What is the value of (7 - ((1 - 13) + 12)) + 1 + -20?
-12
What is 20 - (26 + -56 - -59)?
-9
What is the value of (-4 - (-1 + 3 + -26 + 22)) + 11?
9
What is -1 - (0 - -8) - (4 - -3)?
-16
Calculate -18 - (-32 + -7) - -17.
38
Evaluate (-16 - -58) + -12 + 8 + -10.
28
What is 52 + -22 + -18 - 6?
6
Calculate 6 - 0 - (-18 + 25).
-1
11 + -2 + -9 + 5 + 21
26
What is 13 + (7 - 20 - 10) + 15?
5
Evaluate -34 + 39 + -1 + (5 - 1).
8
-9 - -20 - (1 + 0 - 1 - 2)
13
What is the value of 2 + (9 + -9 - 4)?
-2
What is the value of 18 - (11 + -9) - (6 - 2)?
12
What is the value of -23 + 16 - (-22 - -31)?
-16
What is -19 - (-5 - (4 + -12) - (-1 + 6))?
-17
Evaluate 8 + (-4 - (-49 - -31 - (-6 - -1))).
17
Evaluate -31 + (43 - (25 + 6)).
-19
What is -112 + 102 + (2 - -4)?
-4
1 + -14 - (32 - 34)
-11
Evaluate -32 - (-41 - 1) - (1 + 5 - 0).
4
What is (91 - 99) + 1 + -1?
-8
Evaluate -14 - (-7 + 4 + -6).
-5
What is 8 + (12 - 9) + 3?
14
29 + 0 + (31 - 49 - -14)
25
Evaluate 14 - (-29 + 25) - 12.
6
-17 - 13 - (-10 - 11)
-9
-1 + 1 - (23 - -7 - 44)
14
-22 + (-7 - (-4 + (-3 - -9)) - -9)
-22
2 + (4 - 2) + -55 + 46
-5
What is 1 + 10 + -31 + 13 + -9?
-16
Evaluate (-5 - (-15 + 13)) + 30.
27
(-15 - -12) + 12 - (3 + (-2 - -34))
-26
Calculate 12 + -16 + 38 + -33.
1
(-11 - -3) + 25 + -9
8
Calculate 7 + -6 + -7 + 2.
-4
What is 11 - (-20 - -15 - 8)?
24
Calculate (2 - -6 - 2) + 84 + -102.
-12
What is the value of 2 + (-5 - -5) - (11 + 2)?
-11
What is the value of 4 + -4 + -22 - (-4 - (0 - 1))?
-19
What is the value of -6 + (4 - -4 - (-1 + 11 + -13))?
5
What is the value of 85 + -85 + -1 + -1 + 6 + 0?
4
Calculate -58 - (-39 - 17) - (19 - 2).
-19
(-1 - -4) + (8 - 23 - 7)
-19
Calculate (0 - -1) + 42 + -34.
9
What is the value of 2 + 4 - (9 - (2 - -3)) - -3?
5
-100 + 100 + 12 + 0 + -2 + -6
4
-11 + (-7 + -9 + 6 - -10) + 9
-2
What is 0 + -2 - 9 - (-8 - (2 - 12))?
-13
What is the value of (9 - 15) + (8 - 0)?
2
Calculate 6 + -3 + 13 + (-2 - (1 - 0)).
13
-17 - (9 + (3 - 1) - (40 - 31))
-19
0 + 8 - (-4 + -2 + -3 - -14)
3
Calculate -72 + 72 + 1 + 4 + -6.
-1
What is (-3 - -20) + 5 + 3 + -15?
10
9 - ((1 - -4) + (-2 + 9 - 16))
13
79 - (63 + (-41 - -20))
37
Calculate -7 - -1 - (-7 - (-22 - -10)).
-11
Calculate -22 + 5 + (-16 - -48).
15
Calculate (27 + -13 - 10) + 2 + -18.
-12
What is the value of 0 - 9 - (-14 + -18 + 34)?
-11
-15 + -5 + 8 + (7 - (0 + 14))
-19
Calculate -1 + -1 - (6 - (2 - -23)).
17
Evaluate (-17 - -3) + -14 - -17.
-11
-11 - (-1 - -2) - -2
-10
Evaluate 23 + (23 - (-22 - -89)).
-21
-276 - -270 - (-2 + -2 - -1)
-3
What is the value of 96 + -82 + (-6 - -1)?
9
What is (15 - 2) + -46 + 38?
5
Evaluate 19 - (6 - 3 - (2 + -4)).
14
What is the value of (-1164 - -1148) + 1 + 1 + 0?
-14
Calculate (-1 - -18) + -3 + 23.
37
-2 + 3 - (18 + -1 - (-22 + 30))
-8
-5 + 11 + -53 + 48
1
(-93 + -4 - -48) + 38
-11
What is the value of -33 - (27 - 63) - (0 - -19)?
-16
Evaluate (-26 - -2) + (30 - 31) + 17.
-8
Evaluate 154 + -178 - (-29 + 4).
1
(0 - -2) + (-6 - 33)
-37
(-4 - (-4 + -1 - 2)) + (-5 - -6)
4
-17 - -15 - (-26 - 4)
28
25 + -13 - (-1 + -5 - (7 - 18))
7
28 - (5 - 6) - (1 + -6 + 7)
27
What is (-8 + (-7 - -12) - 7) + -6?
-16
4 - ((8 - -9) + 15)
-28
What is the value of -8 - -16 - (-12 - -45)?
-25
Calculate (2 - -6 - 0) + 2 + -6.
4
Evaluate -12 + 2 - (-11 + (-6 - -18) + 2).
-13
-1 + (-1 - -2) + -4 + 38 + -27
7
Evaluate (5 - 0) + 1 + (11 - 7 - -1).
11
Calculate (-9 + 23 - 11) + -15.
-12
Evaluate 28 + -4 + -20 - -13.
17
What is -71 + 31 - -16 - -56?
32
Evaluate -1 + (-2 + 5 - 8 - (-5 + 12)).
-13
What is the value of 13 - (-20 + 8 + (0 - -10))?
15
Evaluate -3 + (0 - 8) + 7 + 1 + -11.
-14
Evaluate -12 + -18 + 32 + (1 - -7).
10
Evaluate 3 + -8 + (243 - 250).
-12
What is (-3 - -8) + (-5 - -2 - 6) + -10?
-14
-5 - -5 - 3 - (-1 + -3 - -12)
-11
Calculate (6 - -9) + 10 + (-18 - 1).
6
-59 + 49 - (-1 - 14)
5
What is the value of 3 - (-7 + 5 - (-8 - -1))?
-2
What is 7 + -7 + -17 - -25?
8
Evaluate -12 + -1 - (758 + -787).
16
Evaluate -2 + 2 + -3 + (818 - 821).
-6
What is -2 + -3 - (9 + -3 + -3)?
-8
Calculate (5 - 3 - -3 - 35) + 7.
-23
What is the value of (16 - (15 - 10)) + -22?
-11
What is the value of -8 + 16 + (1 - 28)?
-19
Evaluate 207 - 200 - (6 + 1 + 0).
0
What is (-12 + 31 - 11) + -7?
1
Calculate 14 + (14 - (0 + -11 + 12)).
27
What is 1 - (-9 + -5 - (-15 - -13))?
13
-3 - ((3 + -5 - -6 - 26) + 4)
15
Calculate 150 + -170 - (-8 + 1) - -37.
24
23 + (-3 - 9) + -18
-7
Evaluate 1 - 23 - (275 + -305).
8
Evaluate 23 - -1 - (12 + (-4 - 0)).
16
Calculate (-9 - (12 + -15)) + 11.
5
What is the value of -4 - 13 - (9 - 18)?
-8
Calculate 4 - (12 + (14 - 26) + 10 + 0).
-6
What is -16 - (-26 - -6) - (-26 + 19)?
11
What is -18 - -3 - (-11 - 0)?
-4
Calculate (-19 + 27 - -12) + -14.
6
Evaluate (17 - 1 - 33) + -11 + 1.
-27
Evaluate 8 + 5 - (52 - 57).
18
What is the value of 30 - (-7 + 2 - -68)?
-33
-28 + 21 + (-65 - -42)
-30
Calculate 12 + -10 + 17 + -13 + 1.
7
What is 311 + -303 + 1 + -17 + 0 + 6?
-2
What is the value of 1 - (9 + -8 + -2)?
2
Calculate 8 + (-11 - (-12 + (-5 - -14))).
0
Calculate 2 + -1 - (226 + -223).
-2
What is the value of 10 + (6 - 4 - (8 + -25 + 13))?
16
Calculate -19 + (31 - 25) - (-45 - -9).
23
2 - 19 - 2 - (-223 - -215)
-11
What is -2 - -11 - (72 + -72)?
9
What is the value of -29 + (1 + -1 + -8 - -25)?
-12
What is the value of -3 - (9 + -25 + 6)?
7
11 + (15 - (19 - 5))
12
Evaluate -223 - -243 - (0 + 10).
10
Calculate -17 - (-19 + -9 + 2 - -11).
-2
What is (3 - (-7 + 31)) + 9 + -6?
-18
Calculate 12 + -3 + -5 + (10 - (-2 + 0)).
16
What is the value of (2 - 2) + (-4 - -19) - (343 + -345)?
17
What is the value of 25 + -3 - 31 - -13?
4
Calculate 5 + (-11 - (-39 - -10)).
23
(20 - (-7 - -16)) + 0
11
What is the value of 4 + -25 + 3 - -7?
-11
Calculate 13 + -26 - (4 - (10 - -1) - -4).
-10
Evaluate -1 - (-26 - (-9 - 1 - (1 + -2))).
16
What is -6 + 0 + (-1 - -2) + -5 + 19?
9
Evaluate 18 + (-18 - (8 - 13)).
5
Calculate 34 + (35 - (41 - -6)).
22
Evaluate 19 + -49 - -20 - (-2 + 1 + -6).
-3
Calculate -7 + 2 + (5 - -12) + -3 + 3.
12
What is the value of -12 